-6)/4)/((-5)/20). Suppose 4*l - 8*l + 33 = -3*g, l + 4*g = -r. What is the units digit of l?
6
Let u be ((-3)/9)/(2/6). Let m = u - -6. Suppose -3*v + 2 + 7 = 2*z, 19 = m*z + 4*v. What is the units digit of z?
3
Suppose -d + 5*y + 46 = 0, 5*d - 3*d = -5*y + 47. What is the units digit of d?
1
Let s = 24 - 16. Suppose -s*u = -6*u - 40. What is the units digit of u?
0
What is the units digit of 20 - (-3 + 0/(-1))?
3
Let k(q) be the second derivative of q**5/20 - 5*q**4/6 + 4*q**3/3 + 11*q**2/2 - 2*q. What is the units digit of k(9)?
2
Suppose 0 = 3*z + 149 - 587. What is the tens digit of z?
4
Let a(x) = 2*x + 13. Let m(v) = v + 7. Let w(z) = 6*a(z) - 11*m(z). Let j be w(7). What is the units digit of 4/j + (-19)/(-2)?
0
Let t(a) = a + 2. Let b = 24 - 16. Let j(f) = f - 2. Let z be j(b). What is the units digit of t(z)?
8
Let a(j) = 5*j**2 - 1. What is the units digit of a(1)?
4
Suppose -3*y = -2*y. Suppose 4*b - 3*s - 11 = y, -2 = -4*s - 6. What is the units digit of b?
2
Suppose 3*t + 13 = i, t + 3*t - 4 = -4*i. Suppose -i*z + 21 = -155. What is the units digit of z?
4
Let q(j) = j**2 - 4. Let b be q(-3). Suppose -h - r + 4*r + 12 = 0, 12 = b*h + r. What is the units digit of h?
3
Suppose -35 = -4*n + 69. What is the tens digit of n?
2
Suppose 2*x = -3*x + 15. Suppose -t - 1 = 0, b + x*t + 42 = 4*b. Let m = b + -5. What is the units digit of m?
8
Suppose -7*r + 59 = -284. What is the units digit of r?
9
Let y be 2*(-1)/(-3)*6. Suppose -y*r + 5*d = -6, 5*r + 3*d - 24 = d. Suppose p = -r*o - 17, p - 3*o - 7 = 11. What is the units digit of p?
3
Suppose -z = 2*y + z + 6, 2*y - 5*z - 8 = 0. Let x be (y + 2)*3 - -2. Suppose x = -2*b + 37. What is the tens digit of b?
1
Let t(y) = -y**3 - 3*y**2 + 9*y + 7. What is the units digit of t(-5)?
2
Suppose -m = m - 104. What is the tens digit of m?
5
Suppose 2*q + 5*t = -3*q - 40, -q - 4*t = 14. Let g = q - -13. Suppose 2*f + 40 = g*f. What is the units digit of f?
8
Let i(d) = -d**3 + 3*d**2 + 2*d - 3. Let v be i(2). Suppose -v*x + 30 = -2*x. What is the tens digit of x?
1
Let i = 7 + -5. Suppose -25 = -5*w - 3*d, -i*d + 5 = -d. Suppose -2*l - w = -3*l. What is the units digit of l?
2
Let s(m) = -m**3 - 2*m**2 + 3*m + 1. Let k be s(-3). Suppose -k = -3*t - 10. Let d = 4 + t. What is the units digit of d?
1
Let c(b) = -64*b - 23. What is the hundreds digit of c(-5)?
2
Let z = 3 - 3. Let d = -7 + 12. Suppose -b + z = -d. What is the units digit of b?
5
Let v(y) be the second derivative of -y**4/12 + y**3 - 3*y. Let m be v(5). Suppose m = k - 0*k. What is the units digit of k?
5
Let p = 0 + 4. Let d(j) = -j - 3. Let o be d(-3). Suppose o = p*g + g - 30. What is the units digit of g?
6
Let d(h) = 4*h - 3. Let c be d(2). Suppose -c*z = 3*q - 3, -2*q + 4*q = -z - 5. Suppose z*t + t + 4 = 0, 0 = -w - 3*t. What is the units digit of w?
3
What is the units digit of 2*6*7/2?
2
Suppose -t + 5 = -4*b, -2*b - 2 + 0 = 0. Let r = t + 1. What is the units digit of r?
2
Suppose -16 = -4*z + 3*v + v, -3*v + 13 = 2*z. Let d be (60/9)/z*3. What is the units digit of -1*(d + -3) + 12?
1
Let b = -4 + 5. Let m = b - -7. What is the units digit of m?
8
Let l(i) = i + 12. Let r be l(-15). What is the units digit of ((-6)/r)/((-2)/(-8))?
8
Let c(k) = 9*k**2 - k + 3. Let g = 20 + -22. What is the units digit of c(g)?
1
Let m(n) = 5*n**2 - n. Let t be m(-1). Let z be ((-3)/2)/(1/(-20)). Suppose t*u = u + z. What is the units digit of u?
6
Let a = 5 - 7. What is the tens digit of (a*2)/((-4)/16)?
1
Let y be 1*2 - (-7 - -5). Let k(z) = 10*z + y*z - 24*z. What is the tens digit of k(-1)?
1
Let q = 487 + -281. What is the hundreds digit of q?
2
Let v be (2/(-5))/(3/(-75)). Suppose v = -2*w + 4*o, -w + 19 = 5*o - 4. What is the units digit of w?
3
Suppose 5*y + 5*i - 25 = 0, -5*i + 2 + 18 = 4*y. Let a(s) = -5*s**2 - 1 + 2*s + 4*s**3 - 3*s**3 + 6*s - 6*s. What is the units digit of a(y)?
9
Let m(y) = y**3 - 5*y**2 - 5*y + 4. Suppose 2*g - 12 = -4*x, -g - x = -4*g + 18. What is the tens digit of m(g)?
1
Let r(z) = -z - 4. Let m be r(-6). Let x be (10 - 2)/(0 + m). Suppose -34 = -5*f - 3*j, 4*f + f - 37 = -x*j. What is the units digit of f?
5
Let p(a) = -a**2 - 3*a - 1. Let k be p(-4). Let m(q) be the third derivative of -q**4/8 - 5*q**3/6 - 8*q**2. What is the units digit of m(k)?
0
Let z = -31 - -78. What is the units digit of z?
7
What is the hundreds digit of (11 - 4)*((-516)/(-7))/2?
2
Let p(g) be the second derivative of -g**3/6 - 3*g**2/2 + g. Let w be p(3). Let m = w + 8. What is the units digit of m?
2
Let s(a) = -2*a**3 - 2*a - 1. Let t be s(-1). Suppose 6*z - 67 = t*z + 2*h, 3*z - h - 65 = 0. What is the units digit of z?
1
Let r(z) = 30*z**2 - 5*z + 2. What is the tens digit of r(1)?
2
Suppose 53 + 37 = 5*o. Let g = 11 - 2. Let u = o - g. What is the units digit of u?
9
Let p be (-18)/(-6) - (0 - 8). Suppose 5*w - p - 39 = 0. What is the units digit of w?
0
Let p = 37 - 6. Let j = 60 - p. What is the units digit of j?
9
Let y = 9 + -5. Let a = 19 + y. What is the tens digit of a?
2
Suppose 3 - 25 = -b. What is the units digit of b?
2
Let r be -3*((-16)/6 - -2). Suppose 0 = r*k - 23 + 1. What is the tens digit of k?
1
Let o(r) = -3*r + 3. Let u be o(2). Let s = u + 9. What is the units digit of s?
6
Let k(q) = -11*q - 7. What is the tens digit of k(-5)?
4
Suppose 0*x = x - 24. What is the tens digit of x?
2
Suppose 0 = -5*u - 5, -2*l + 15 = -0*l + 3*u. Let i(x) = x**2 - 8*x + 6. What is the tens digit of i(l)?
1
Let a = 60 + -16. What is the tens digit of a?
4
Let b be 152/(-20) - (-4)/(-10). Let x(v) = -2*v + 9. Let y(z) = -9*z + 37. Let m(r) = -26*x(r) + 6*y(r). What is the units digit of m(b)?
4
Let w(t) = 18*t. Let q(y) = y - 3. Let x be q(4). What is the tens digit of w(x)?
1
Suppose 6*j = 8*j - 6. Suppose -3*l - u = -72, -3 = -l - j*u + 21. What is the tens digit of l?
2
Let b be (-4)/(-14) + (-27)/21. Let g = -1 + b. Let i = 2 - g. What is the units digit of i?
4
Let a(k) = 179*k**3 + 1. Let f be a(1). Suppose -4*v + f = 2*v. What is the units digit of v?
0
Let h = 26 - 36. Let g = 20 + h. What is the tens digit of g?
1
Let l be 27/(2 - -1) - 2. Let i = 23 - l. Suppose 2 + i = 3*x. What is the units digit of x?
6
Let c(m) = -13*m - 38. What is the tens digit of c(-6)?
4
What is the tens digit of (-3)/2 - (-567)/2?
8
Let q be 1 + -6 + 6 + -7. Let p = q - -13. Suppose 3*t + p = 34. What is the units digit of t?
9
Suppose -4*q + 50 = q. Let p = 19 - q. What is the units digit of p?
9
Let m(g) = -g**2 + 4*g + 7. Let w be m(5). Let n(x) = 3*x + 2. Let i be n(w). Suppose -5 = -u + i. What is the units digit of u?
3
Let w(z) = 2*z**2 + 5*z + 1. Let j(n) = 2*n**2 - 13*n + 1. Let x be j(6). What is the tens digit of w(x)?
2
What is the units digit of 50/(-4)*(-2538)/135?
5
Let z(j) = 19*j**2 + j. Let x be z(1). Suppose 18 = -3*h - 3*a, -2*h + 5*h + 5*a + x = 0. Let d(b) = b**3 + 4*b**2 - 5*b + 7. What is the units digit of d(h)?
7
Let r(y) = y**3 + y**2 - y + 6. What is the tens digit of r(3)?
3
What is the tens digit of (225/12)/((-6)/(-64))?
0
Suppose u = -0*u + 90. What is the tens digit of u?
9
What is the units digit of (-152)/(-8) + -3*1?
6
Suppose 3*q = 5*q. Suppose 0*w - 4*w + 208 = q. What is the tens digit of w?
5
Let f(r) = -r**3 + 3*r**2 - r + 4. Let g be f(3). Let i = g - -2. What is the units digit of i?
3
Let l be (-9)/6 + (-7)/(-2). Suppose 5*s - 7*s = -3*z - 40, -s = l*z - 13. What is the units digit of s?
7
Let j(o) = -o**2. Let t be j(0). Let h be 1 + t - (4 + -2). Let z = h - -9. What is the units digit of z?
8
Let i = -20 - -35. What is the units digit of (-1)/3 - (-140)/i?
9
Suppose -4*h = -a - 173, -h + 2*a + 15 = -23. Suppose -67 = -3*t + h. What is the tens digit of t?
3
Suppose 0 = 3*s - z - 11, -4*s - 2 = -z - 16. Let k be 2*(0 - -2 - s). What is the units digit of (-24)/k*2/3?
8
Let r be (-10)/(-50) + 9/5. Suppose 5*g + l - 3*l - 136 = 0, 0 = r*l + 6. What is the tens digit of g?
2
Let f(l) = -l**3 + 5*l**2 - 2*l - 1. Let a be f(4). Suppose -a*o + 30 = -2*o. Suppose 2*n - 23 = 5*s, o = 3*n - 0*s + 2*s. What is the units digit of n?
4
Let m(i) be the first derivative of 1/3*i**3 + 2 + i**2 - 6*i. What is the units digit of m(-5)?
9
Let x(a) = 2*a + 3. Let q be x(-2). What is the units digit of 33/3 +